 (base 5) in base 12?
692637
751352 (base 10) to base 9
1364585
What is 11111022402 (base 5) in base 10?
12204727
Convert 69819 (base 12) to base 9.
234543
-131134303 (base 5) to base 11
-401558
6355023 (base 12) to base 14
26ca175
Convert -52335652 (base 7) to base 16.
-43550b
What is 1b41933 (base 12) in base 15?
79b363
What is 2452311 (base 7) in base 15?
6369c
What is -3415b (base 12) in base 10?
-69335
2999 (base 12) to base 5
123434
What is -1a7b2b (base 12) in base 3?
-212212120222
Convert 21222212102112 (base 3) to base 13.
b59c73
-5422236 (base 7) to base 12
-27a6a6
What is -5880260 (base 10) in base 13?
-12ab659
What is 110112120010 (base 3) in base 11?
159483
2233442 (base 6) to base 4
123232202
Convert 314230000 (base 5) to base 10.
1320625
What is -1010100010011101 (base 2) in base 15?
-cbca
What is 2002210122020 (base 3) in base 10?
1118022
1325220 (base 10) to base 5
314401340
What is -433400013 (base 5) in base 13?
-4ccba1
What is -1000111011010111100101 (base 2) in base 3?
-11101220022201
Convert -2223022332 (base 4) to base 16.
-ab2be
What is 201123333 (base 4) in base 5?
13340314
Convert -1000000000101110001001 (base 2) to base 15.
-2b73c0
Convert 49aac (base 16) to base 12.
126750
Convert 2301024 (base 6) to base 13.
41272
What is -2110222212022 (base 3) in base 9?
-2428768
What is 4ba25 (base 14) in base 2?
101101010111110001
What is -212342 (base 5) in base 4?
-1300312
What is -43241421 (base 5) in base 2?
-1011001111011101001
Convert -31122232 (base 5) to base 4.
-332023210
2077686 (base 9) to base 11
6a1360
Convert 221213122020 (base 4) to base 12.
37a1320
42310240 (base 6) to base 2
100101110001100010000
What is 113663 (base 7) in base 8?
50140
What is 2102211202 (base 3) in base 16?
bb7f
110110110010000100 (base 2) to base 5
24140023
What is 175113 (base 9) in base 11?
74751
Convert -1200302022 (base 4) to base 11.
-250928
What is 7581 (base 12) in base 6?
135441
Convert -10a93 (base 16) to base 9.
-113545
What is 10200102020022 (base 3) in base 9?
3612208
What is 11153 (base 6) in base 14?
80d
-100200000021 (base 3) to base 12
-92144
Convert -323277 (base 9) to base 12.
-93614
234560 (base 8) to base 16
13970
What is 46464 (base 10) in base 8?
132600
Convert -2aa2cb (base 15) to base 7.
-23335025
110403 (base 6) to base 8
22003
-101011001111001011 (base 2) to base 5
-21131344
173107 (base 14) to base 10
815171
What is 806347 (base 9) in base 10?
477052
What is -1763d (base 16) in base 5?
-11031210
Convert -2312221233 (base 5) to base 11.
-2a29253
Convert -5481373 (base 10) to base 13.
-119bc21
What is ac2ea (base 15) in base 5?
120004140
-84a85 (base 15) to base 3
-210101022222
What is -151661561 (base 7) in base 13?
-2132633
What is 1424457 (base 10) in base 2?
101011011110001001001
What is -34a08 (base 13) in base 14?
-27093
-703376 (base 9) to base 11
-264479
9c9b (base 14) to base 16
6a31
What is -21010 (base 8) in base 2?
-10001000001000
What is -68bb (base 12) in base 9?
-16888
What is -1014615 (base 8) in base 11?
-17395a
Convert 70084 (base 11) to base 10.
102579
-2001101121001 (base 3) to base 14
-20549a
What is -3504543 (base 7) in base 5?
-103014010
Convert 4234412313 (base 5) to base 7.
135453266
Convert 53854 (base 12) to base 6.
2205344
What is -142372 (base 8) in base 10?
-50426
What is -2121120212022 (base 3) in base 8?
-5231476
Convert -106216 (base 11) to base 2.
-101001010101010000
What is c677a (base 13) in base 5?
42412243
-266b344 (base 13) to base 6
-1110510120
-100102212210 (base 3) to base 7
-1402500
Convert 2220202220211 (base 3) to base 14.
2c50ba
What is 7aa5 (base 13) in base 14?
63ac
14ca1 (base 14) to base 12
26039
53755 (base 15) to base 7
2152214
61142 (base 16) to base 15
7cc3e
What is 34814 (base 11) in base 4?
30100312
Convert 10115520 (base 6) to base 13.
a2183
-2a5b1b (base 12) to base 16
-aea07
What is 1100111100001010 (base 2) in base 16?
cf0a
Convert -106575 (base 10) to base 13.
-39681
What is -62002 (base 10) in base 4?
-33020302
Convert 1945517 (base 14) to base 8.
57650741
Convert -2122532 (base 7) to base 12.
-105285
What is -a6c4 (base 15) in base 2?
-1000100111010100
Convert 130012003 (base 4) to base 10.
115075
4ac5c9 (base 13) to base 7
21166303
10236166 (base 8) to base 16
213c76
What is 12317b (base 13) in base 11?
278037
Convert -bc482 (base 13) to base 2.
-1010011010101000101
What is -40313 (base 13) in base 5?
-12133032
Convert -124310 (base 9) to base 16.
-1264b
Convert 165812 (base 9) to base 13.
379a6
-23b73a (base 12) to base 2
-10001101100101011110
What is -111220212101200 (base 3) in base 14?
-da81b6
-1277bf (base 16) to base 15
-18d91d
What is 2301031020 (base 4) in base 9?
1325580
3a651 (base 13) to base 16
1a8bd
Convert -187b2 (base 12) to base 15.
-a8a2
Convert -4914343 (base 11) to base 14.
-11ca166
Convert -10010010111101001110000 (base 2) to base 3.
-100001122120211
Convert -20146025 (base 7) to base 8.
-6310466
11064 (base 8) to base 4
1020310
Convert -3a12c2 (base 14) to base 9.
-3678684
Convert -21110111100 (base 3) to base 8.
-436711
Convert 3126565 (base 7) to base 5.
44030111
What is -1223004321 (base 5) in base 2?
-1011001101010011100110
5776044 (base 11) to base 16
9a0c43
-220011012211 (base 3) to base 2
-1110100000101001001
-107082 (base 15) to base 13
-2155b2
What is -235034020 (base 6) in base 10?
-4437084
What is b6294 (base 16) in base 15?
eb122
288834 (base 10) to base 6
10105110
What is -75769 (base 11) in base 6?
-2205320
Convert 8808aa6 (base 11) to base 4.
323001203212
-807833 (base 10) to base 4
-3011032121
-277505 (base 11) to base 12
-18b558
Convert 75993a (base 11) to base 14.
23842d
235204 (base 6) to base 2
101000001110100
What is -10010111001011101110101 (base 2) in base 11?
-2883aa2
144413 (base 5) to base 15
1ca8
What is 1113133010 (base 4) in base 6?
11402552
Convert -220102122021120 (base 3) to base 13.
-28c7979
What is -13ea6 (base 15) in base 5?
-4022211
What is -263101122 (base 7) in base 10?
-16841022
2052214 (base 6) to base 9
162531
-4340010 (base 5) to base 8
-221214
What is -1651645 (base 8) in base 6?
-14142553
What is 114203143 (base 5) in base 6?
15310215
13000204 (base 5) to base 7
1030406
100010101110001101010 (base 2) to base 6
40215242
Convert 14286641 (base 10) to base 8.
66377461
4251222 (base 8) to base 5
242312000
-2221200222 (base 3) to base 2
-1110001011110111
What is 11131617 (base 8) in base 12?
97bb27
What is 26037184 (base 9) in base 8?
60600007
Convert -19387 (base 15) to base 12.
-3b40a
Convert -31012602 (base 8) to base 13.
-1488638
-1003302220 (base 4) to base 7
-2234353
1157886 (base 9) to base 8
2314604
Convert -134354 (base 9) to base 16.
-14014
-7d456 (base 16) to base 4
-1331101112
Convert 14b54a (base 12) to base 2.
1010101110101001010
Convert -336253 (base 9) to base 7.
-1466133
What is 2366600 (base 7) in base 2?
1001001110110001101
Convert -c123 (base 13) to base 3.
-1100102210
What is -1000001000000010010 (base 2) in base 9?
-445212
112202221102210 (base 3) to base 7
123513141
What is 5056503 (base 7) in base 13?
181356
What is -314324411 (base 5) in base 8?
-5031323
-1566422 (base 12) to base 13
-b9b070
3895471 (base 11) to base 9
13615346
Convert 1520051 (base 6) to base 16.
1585f
474025 (base 12) to base 10
1147421
Convert 771650 (base 8) to base 4.
333032220
8066 (base 13) to base 16
44fc
Convert -3002327 (base 8) to base 7.
-6460263
Convert 106600 (base 7) to base 12.
b107
Convert 444232 (base 7) to base 14.
20789
8843515 (base 9) to base 16
488582
Convert -5911198 (base 10) to base 5.
-3003124243
Convert 767574a (base 11) to base 5.
11422233101
What is -16599b (base 16) in base 10?
-1464731
Convert -35716 (base 11) to base 6.
-1034054
What is -163218 (base 9) in base 11?
-6979a
Convert 3a7c2 (base 15) to base 7.
1410206
Convert -891b84 (base 15) to base 14.
-c221dd
22ea8d (base 15) to base 5
411412013
What is -402a70 (base 12) in base 11?
-623601
80c46b (base 13) to base 4
23123303201
-2958368 (base 12) to base 8
-37614400
11111110110111100011 (base 2) to base 15
1594ae
214420441 (base 5) to base 15
1373d1
Convert 1222333132 (base 5) to base 11.
1724017
What is -110011100011010000 (base 2) in base 11?
-134707
What is -100111100011001 (base 2) in base 12?
-b875
62362 (base 